{"id":296,"date":"2006-03-24T00:14:13","date_gmt":"2006-03-23T23:14:13","guid":{"rendered":"http:\/\/www.tiefseesurfer.de\/?p=296"},"modified":"2020-04-14T08:09:13","modified_gmt":"2020-04-14T06:09:13","slug":"impressum","status":"publish","type":"page","link":"https:\/\/tiefseesurfer.de\/?page_id=296","title":{"rendered":"Impressum"},"content":{"rendered":"<table class=\" alignleft\" border=\"0\" cellspacing=\"1\" cellpadding=\"1\">\n<tbody>\n<tr>\n<td>Webmaster\/Redaktion<\/td>\n<td>Ralf J\u00e4nike<\/td>\n<\/tr>\n<tr>\n<td>Adresse<\/td>\n<td>Heinrich-Mann-Allee 7; 14473 Potsdam<\/td>\n<\/tr>\n<tr>\n<td>Telefon<\/td>\n<td>0174 4435392<\/td>\n<\/tr>\n<tr>\n<td>E-Mail<\/td>\n<td><a href=\"mailto:esv@rj2.de\">esv@rj2.de<\/a><\/td>\n<\/tr>\n<tr>\n<td>Internet<\/td>\n<td><a href=\"https:\/\/www.tiefseesurfer.de\">https:\/\/www.tiefseesurfer.de<\/a><\/td>\n<\/tr>\n<tr>\n<td>&nbsp;<\/td>\n<td>&nbsp;<\/td>\n<\/tr>\n<tr>\n<td>Im Auftrag von<\/td>\n<td>ESV-Lok Potsdam e.V. Abteilung Wassersport<\/td>\n<\/tr>\n<tr>\n<td>&nbsp;<\/td>\n<td>&nbsp;<\/td>\n<\/tr>\n<tr>\n<td>&nbsp;<\/td>\n<td>&nbsp;<\/td>\n<\/tr>\n<tr>\n<td>Haftung f\u00fcr Inhalte<\/td>\n<td>Als Diensteanbieter sind wir gem\u00e4\u00df \u00a7 7 Abs.1 TMG f\u00fcr eigene Inhalte auf diesen Seiten nach den allgemeinen Gesetzen verantwortlich. Nach \u00a7\u00a7 8 bis 10 TMG sind wir als Diensteanbieter jedoch nicht verpflichtet, \u00fcbermittelte oder gespeicherte fremde Informationen zu \u00fcberwachen oder nach Umst\u00e4nden zu forschen, die auf eine rechtswidrige T\u00e4tigkeit hinweisen. Verpflichtungen zur Entfernung oder Sperrung der Nutzung von Informationen nach den allgemeinen Gesetzen bleiben hiervon unber\u00fchrt. Eine diesbez\u00fcgliche Haftung ist jedoch erst ab dem Zeitpunkt der Kenntnis einer konkreten Rechtsverletzung m\u00f6glich. Bei Bekanntwerden von entsprechenden Rechtsverletzungen werden wir diese Inhalte umgehend entfernen.<\/td>\n<\/tr>\n<tr>\n<td>Haftung f\u00fcr Links<\/td>\n<td>Unser Angebot enth\u00e4lt Links zu externen Websites Dritter, auf deren Inhalte wir keinen Einfluss haben. Deshalb k\u00f6nnen wir f\u00fcr diese fremden Inhalte auch keine Gew\u00e4hr \u00fcbernehmen. F\u00fcr die Inhalte der verlinkten Seiten ist stets der jeweilige Anbieter oder Betreiber der Seiten verantwortlich. Die verlinkten Seiten wurden zum Zeitpunkt der Verlinkung auf m\u00f6gliche Rechtsverst\u00f6\u00dfe \u00fcberpr\u00fcft. Bei Bekanntwerden von Rechtsverletzungen werden wir derartige Links umgehend entfernen.<\/td>\n<\/tr>\n<tr>\n<td>Urheberrecht<\/td>\n<td>Soweit die Inhalte auf dieser Seite nicht vom Betreiber erstellt wurden, werden die Urheberrechte Dritter beachtet. Sollten Sie trotzdem auf eine Urheberrechtsverletzung aufmerksam werden, bitten wir um einen entsprechenden Hinweis. Bei Bekanntwerden von Rechtsverletzungen werden wir derartige Inhalte umgehend entfernen.<\/td>\n<\/tr>\n<tr>\n<td>&nbsp;<\/td>\n<td><img loading=\"lazy\" decoding=\"async\" class=\"alignnone size-full wp-image-1488\" src=\"https:\/\/tiefseesurfer.de\/wp-content\/uploads\/2014\/10\/logo200.png\" alt=\"\" width=\"200\" height=\"200\" srcset=\"https:\/\/tiefseesurfer.de\/wp-content\/uploads\/2014\/10\/logo200.png 200w, https:\/\/tiefseesurfer.de\/wp-content\/uploads\/2014\/10\/logo200-150x150.png 150w, https:\/\/tiefseesurfer.de\/wp-content\/uploads\/2014\/10\/logo200-100x100.png 100w\" sizes=\"auto, (max-width: 200px) 100vw, 200px\" \/><\/td>\n<\/tr>\n<\/tbody>\n<\/table>\n<p style=\"text-align: left;\">&nbsp;<\/p>\n<h3>Related Images:<\/h3>","protected":false},"excerpt":{"rendered":"<p>Webmaster\/Redaktion Ralf J\u00e4nike Adresse Heinrich-Mann-Allee 7; 14473 Potsdam Telefon 0174 4435392 E-Mail esv@rj2.de Internet https:\/\/www.tiefseesurfer.de &nbsp; &nbsp; Im Auftrag von ESV-Lok Potsdam e.V. Abteilung Wassersport &nbsp; &nbsp; &nbsp; &nbsp; Haftung f\u00fcr Inhalte Als Diensteanbieter sind wir gem\u00e4\u00df \u00a7 7 Abs.1 TMG f\u00fcr eigene Inhalte auf diesen Seiten nach den allgemeinen &#8230;<\/p>\n","protected":false},"author":1,"featured_media":295,"parent":0,"menu_order":5,"comment_status":"closed","ping_status":"closed","template":"","meta":{"ngg_post_thumbnail":0,"jetpack_post_was_ever_published":false,"footnotes":""},"class_list":["post-296","page","type-page","status-publish","has-post-thumbnail","hentry","has-thumbnail"],"jetpack_sharing_enabled":false,"_links":{"self":[{"href":"https:\/\/tiefseesurfer.de\/index.php?rest_route=\/wp\/v2\/pages\/296","targetHints":{"allow":["GET"]}}],"collection":[{"href":"https:\/\/tiefseesurfer.de\/index.php?rest_route=\/wp\/v2\/pages"}],"about":[{"href":"https:\/\/tiefseesurfer.de\/index.php?rest_route=\/wp\/v2\/types\/page"}],"author":[{"embeddable":true,"href":"https:\/\/tiefseesurfer.de\/index.php?rest_route=\/wp\/v2\/users\/1"}],"replies":[{"embeddable":true,"href":"https:\/\/tiefseesurfer.de\/index.php?rest_route=%2Fwp%2Fv2%2Fcomments&post=296"}],"version-history":[{"count":8,"href":"https:\/\/tiefseesurfer.de\/index.php?rest_route=\/wp\/v2\/pages\/296\/revisions"}],"predecessor-version":[{"id":2790,"href":"https:\/\/tiefseesurfer.de\/index.php?rest_route=\/wp\/v2\/pages\/296\/revisions\/2790"}],"wp:featuredmedia":[{"embeddable":true,"href":"https:\/\/tiefseesurfer.de\/index.php?rest_route=\/wp\/v2\/media\/295"}],"wp:attachment":[{"href":"https:\/\/tiefseesurfer.de\/index.php?rest_route=%2Fwp%2Fv2%2Fmedia&parent=296"}],"curies":[{"name":"wp","href":"https:\/\/api.w.org\/{rel}","templated":true}]}}